{"id":106,"date":"2012-07-19T21:01:25","date_gmt":"2012-07-19T19:01:25","guid":{"rendered":"https:\/\/freikaempfer.net\/b\/password-generator\/"},"modified":"2017-09-23T14:10:45","modified_gmt":"2017-09-23T12:10:45","slug":"password-generator","status":"publish","type":"page","link":"https:\/\/freikaempfer.net\/b\/password-generator\/","title":{"rendered":"Password Generator"},"content":{"rendered":"<p><strong>Der Passwort-Generator ist gerade nicht verf\u00fcgbar. Ich arbeite bereits an Ersatz.<\/strong><\/p>\n<p>Ansonsten lassen sich \u00fcber die bekannten Suchmaschinen schnell entsprechende Generatoren finden. F\u00fcr Linux-Systeme empfehle ich <em>pwgen <\/em>zu installieren und dann mit <em>pwgen -y 12<\/em> zu nutzen.<\/p>\n","protected":false},"excerpt":{"rendered":"<p>Der Passwort-Generator ist gerade nicht verf\u00fcgbar. Ich arbeite bereits an Ersatz. Ansonsten lassen sich \u00fcber die bekannten Suchmaschinen schnell entsprechende Generatoren finden. F\u00fcr Linux-Systeme empfehle ich pwgen zu installieren und dann mit pwgen -y 12 zu nutzen.<\/p>\n","protected":false},"author":1,"featured_media":0,"parent":0,"menu_order":0,"comment_status":"closed","ping_status":"closed","template":"","meta":[],"_links":{"self":[{"href":"https:\/\/freikaempfer.net\/b\/wp-json\/wp\/v2\/pages\/106"}],"collection":[{"href":"https:\/\/freikaempfer.net\/b\/wp-json\/wp\/v2\/pages"}],"about":[{"href":"https:\/\/freikaempfer.net\/b\/wp-json\/wp\/v2\/types\/page"}],"author":[{"embeddable":true,"href":"https:\/\/freikaempfer.net\/b\/wp-json\/wp\/v2\/users\/1"}],"replies":[{"embeddable":true,"href":"https:\/\/freikaempfer.net\/b\/wp-json\/wp\/v2\/comments?post=106"}],"version-history":[{"count":2,"href":"https:\/\/freikaempfer.net\/b\/wp-json\/wp\/v2\/pages\/106\/revisions"}],"predecessor-version":[{"id":200,"href":"https:\/\/freikaempfer.net\/b\/wp-json\/wp\/v2\/pages\/106\/revisions\/200"}],"wp:attachment":[{"href":"https:\/\/freikaempfer.net\/b\/wp-json\/wp\/v2\/media?parent=106"}],"curies":[{"name":"wp","href":"https:\/\/api.w.org\/{rel}","templated":true}]}}